{"id":704,"date":"2020-11-10T17:18:34","date_gmt":"2020-11-10T16:18:34","guid":{"rendered":"http:\/\/kanzlei-kruse.weimannmedia.de\/?post_type=encyclopedia&#038;p=704"},"modified":"2020-11-30T16:52:27","modified_gmt":"2020-11-30T15:52:27","slug":"integrationsamt","status":"publish","type":"encyclopedia","link":"https:\/\/kanzleikruse.com\/en\/encyclopedia\/integrationsamt\/","title":{"rendered":"Integration Office"},"content":{"rendered":"<h2>Integration Office<\/h2>\n<p class=\"p1\">If you are diagnosed with a degree of disability of at least 50, you are considered severely disabled. Your employer must then obtain the approval of the Integration Office before they can dismiss you. If he does not do this, the <a href=\"https:\/\/kanzleikruse.com\/en\/encyclopedia\/kuendigung\/\" target=\"_self\" title=\"A termination is a unilateral declaration of intent that must be received. This means that the terminating party must express the unequivocal intention to terminate the contractual relationship and send the declaration to you. It can be issued by your employer or by yourself...\" class=\"encyclopedia\">Termination<\/a> ineffective. Here, too, you must again <a href=\"https:\/\/kanzleikruse.com\/en\/encyclopedia\/klagefrist\/\" target=\"_self\" title=\"Compliance with the deadline for filing a complaint is a basic prerequisite for successful dismissal protection proceedings. It is three weeks from receipt of the notice of termination. If it is not filed in good time, the dismissal is generally deemed to be effective and you can no longer take action against the dismissal. Although there is the possibility of admitting a late action for protection against dismissal, this...\" class=\"encyclopedia\">Limitation period<\/a> of three weeks. However, this period only begins when the decision of the Integration Office is announced.<\/p>","protected":false},"excerpt":{"rendered":"<p>If you are diagnosed with a degree of disability of at least 50, you are considered severely disabled. Your employer must then obtain the approval of the Integration Office before he can terminate your employment. If he does not do this, the termination is invalid. Here, too, you must adhere to the three-week deadline for filing a lawsuit. However, this deadline only begins with the...<\/p>","protected":false},"author":2,"template":"","encyclopedia-tag":[],"class_list":["post-704","encyclopedia","type-encyclopedia","status-publish","hentry"],"acf":[],"yoast_head":"<!-- This site is optimized with the Yoast SEO plugin v27.5 - https:\/\/yoast.com\/product\/yoast-seo-wordpress\/ -->\n<title>Integrationsamt - Kanzlei Kruse<\/title>\n<meta name=\"robots\" content=\"noindex, follow\" \/>\n<meta property=\"og:locale\" content=\"en_US\" \/>\n<meta property=\"og:type\" content=\"article\" \/>\n<meta property=\"og:title\" content=\"Integrationsamt - Kanzlei Kruse\" \/>\n<meta property=\"og:description\" content=\"Sollten bei Ihnen ein Grad der Behinderung von mindestens 50 festgestellt werden, gelten Sie als Schwerbehindert. Ihr Arbeitgeber muss dann erst die Zustimmung des Integrationsamtes einholen, bevor er Ihnen k\u00fcndigen kann. Tut er dies nicht, ist die K\u00fcndigung unwirksam. Auch hier m\u00fcssen Sie wieder die Klagefrist von drei Wochen einhalten. Diese Frist beginnt aber erst mit der...\" \/>\n<meta property=\"og:url\" content=\"https:\/\/kanzleikruse.com\/en\/enzyklopaedie\/integrationsamt\/\" \/>\n<meta property=\"og:site_name\" content=\"Kanzlei Kruse\" \/>\n<meta property=\"article:modified_time\" content=\"2020-11-30T15:52:27+00:00\" \/>\n<meta name=\"twitter:card\" content=\"summary_large_image\" \/>\n<script type=\"application\/ld+json\" class=\"yoast-schema-graph\">{\"@context\":\"https:\\\/\\\/schema.org\",\"@graph\":[{\"@type\":\"WebPage\",\"@id\":\"https:\\\/\\\/kanzleikruse.com\\\/enzyklopaedie\\\/integrationsamt\\\/\",\"url\":\"https:\\\/\\\/kanzleikruse.com\\\/enzyklopaedie\\\/integrationsamt\\\/\",\"name\":\"Integrationsamt - Kanzlei Kruse\",\"isPartOf\":{\"@id\":\"https:\\\/\\\/kanzleikruse.com\\\/#website\"},\"datePublished\":\"2020-11-10T16:18:34+00:00\",\"dateModified\":\"2020-11-30T15:52:27+00:00\",\"breadcrumb\":{\"@id\":\"https:\\\/\\\/kanzleikruse.com\\\/enzyklopaedie\\\/integrationsamt\\\/#breadcrumb\"},\"inLanguage\":\"en-US\",\"potentialAction\":[{\"@type\":\"ReadAction\",\"target\":[\"https:\\\/\\\/kanzleikruse.com\\\/enzyklopaedie\\\/integrationsamt\\\/\"]}]},{\"@type\":\"BreadcrumbList\",\"@id\":\"https:\\\/\\\/kanzleikruse.com\\\/enzyklopaedie\\\/integrationsamt\\\/#breadcrumb\",\"itemListElement\":[{\"@type\":\"ListItem\",\"position\":1,\"name\":\"Startseite\",\"item\":\"https:\\\/\\\/kanzleikruse.com\\\/\"},{\"@type\":\"ListItem\",\"position\":2,\"name\":\"Glossar\",\"item\":\"https:\\\/\\\/kanzleikruse.com\\\/enzyklopaedie\\\/\"},{\"@type\":\"ListItem\",\"position\":3,\"name\":\"Integrationsamt\"}]},{\"@type\":\"WebSite\",\"@id\":\"https:\\\/\\\/kanzleikruse.com\\\/#website\",\"url\":\"https:\\\/\\\/kanzleikruse.com\\\/\",\"name\":\"Kanzlei Kruse\",\"description\":\"Wir helfen Ihnen pers\u00f6nlich, Ihr Recht durchzusetzen.\",\"potentialAction\":[{\"@type\":\"SearchAction\",\"target\":{\"@type\":\"EntryPoint\",\"urlTemplate\":\"https:\\\/\\\/kanzleikruse.com\\\/?s={search_term_string}\"},\"query-input\":{\"@type\":\"PropertyValueSpecification\",\"valueRequired\":true,\"valueName\":\"search_term_string\"}}],\"inLanguage\":\"en-US\"}]}<\/script>\n<!-- \/ Yoast SEO plugin. -->","yoast_head_json":{"title":"Integration office - Kruse law firm","robots":{"index":"noindex","follow":"follow"},"og_locale":"en_US","og_type":"article","og_title":"Integrationsamt - Kanzlei Kruse","og_description":"Sollten bei Ihnen ein Grad der Behinderung von mindestens 50 festgestellt werden, gelten Sie als Schwerbehindert. Ihr Arbeitgeber muss dann erst die Zustimmung des Integrationsamtes einholen, bevor er Ihnen k\u00fcndigen kann. Tut er dies nicht, ist die K\u00fcndigung unwirksam. Auch hier m\u00fcssen Sie wieder die Klagefrist von drei Wochen einhalten. Diese Frist beginnt aber erst mit der...","og_url":"https:\/\/kanzleikruse.com\/en\/enzyklopaedie\/integrationsamt\/","og_site_name":"Kanzlei Kruse","article_modified_time":"2020-11-30T15:52:27+00:00","twitter_card":"summary_large_image","schema":{"@context":"https:\/\/schema.org","@graph":[{"@type":"WebPage","@id":"https:\/\/kanzleikruse.com\/enzyklopaedie\/integrationsamt\/","url":"https:\/\/kanzleikruse.com\/enzyklopaedie\/integrationsamt\/","name":"Integration office - Kruse law firm","isPartOf":{"@id":"https:\/\/kanzleikruse.com\/#website"},"datePublished":"2020-11-10T16:18:34+00:00","dateModified":"2020-11-30T15:52:27+00:00","breadcrumb":{"@id":"https:\/\/kanzleikruse.com\/enzyklopaedie\/integrationsamt\/#breadcrumb"},"inLanguage":"en-US","potentialAction":[{"@type":"ReadAction","target":["https:\/\/kanzleikruse.com\/enzyklopaedie\/integrationsamt\/"]}]},{"@type":"BreadcrumbList","@id":"https:\/\/kanzleikruse.com\/enzyklopaedie\/integrationsamt\/#breadcrumb","itemListElement":[{"@type":"ListItem","position":1,"name":"Startseite","item":"https:\/\/kanzleikruse.com\/"},{"@type":"ListItem","position":2,"name":"Glossar","item":"https:\/\/kanzleikruse.com\/enzyklopaedie\/"},{"@type":"ListItem","position":3,"name":"Integrationsamt"}]},{"@type":"WebSite","@id":"https:\/\/kanzleikruse.com\/#website","url":"https:\/\/kanzleikruse.com\/","name":"Kruse law firm","description":"We will help you personally to enforce your rights.","potentialAction":[{"@type":"SearchAction","target":{"@type":"EntryPoint","urlTemplate":"https:\/\/kanzleikruse.com\/?s={search_term_string}"},"query-input":{"@type":"PropertyValueSpecification","valueRequired":true,"valueName":"search_term_string"}}],"inLanguage":"en-US"}]}},"_links":{"self":[{"href":"https:\/\/kanzleikruse.com\/en\/wp-json\/wp\/v2\/encyclopedia\/704","targetHints":{"allow":["GET"]}}],"collection":[{"href":"https:\/\/kanzleikruse.com\/en\/wp-json\/wp\/v2\/encyclopedia"}],"about":[{"href":"https:\/\/kanzleikruse.com\/en\/wp-json\/wp\/v2\/types\/encyclopedia"}],"author":[{"embeddable":true,"href":"https:\/\/kanzleikruse.com\/en\/wp-json\/wp\/v2\/users\/2"}],"wp:attachment":[{"href":"https:\/\/kanzleikruse.com\/en\/wp-json\/wp\/v2\/media?parent=704"}],"wp:term":[{"taxonomy":"encyclopedia-tag","embeddable":true,"href":"https:\/\/kanzleikruse.com\/en\/wp-json\/wp\/v2\/encyclopedia-tag?post=704"}],"curies":[{"name":"wp","href":"https:\/\/api.w.org\/{rel}","templated":true}]}}

<!-- This site is optimized with the Yoast SEO plugin v27.5 - https://yoast.com/product/yoast-seo-wordpress/ -->
<title>Integrationsamt - Kanzlei Kruse</title>
<meta name="robots" content="noindex, follow" />
<meta property="og:locale" content="en_US" />
<meta property="og:type" content="article" />
<meta property="og:title" content="Integrationsamt - Kanzlei Kruse" />
<meta property="og:description" content="Sollten bei Ihnen ein Grad der Behinderung von mindestens 50 festgestellt werden, gelten Sie als Schwerbehindert. Ihr Arbeitgeber muss dann erst die Zustimmung des Integrationsamtes einholen, bevor er Ihnen kündigen kann. Tut er dies nicht, ist die Kündigung unwirksam. Auch hier müssen Sie wieder die Klagefrist von drei Wochen einhalten. Diese Frist beginnt aber erst mit der..." />
<meta property="og:url" content="https://kanzleikruse.com/en/enzyklopaedie/integrationsamt/" />
<meta property="og:site_name" content="Kanzlei Kruse" />
<meta property="article:modified_time" content="2020-11-30T15:52:27+00:00" />
<meta name="twitter:card" content="summary_large_image" />
<script type="application/ld+json" class="yoast-schema-graph">{"@context":"https:\/\/schema.org","@graph":[{"@type":"WebPage","@id":"https:\/\/kanzleikruse.com\/enzyklopaedie\/integrationsamt\/","url":"https:\/\/kanzleikruse.com\/enzyklopaedie\/integrationsamt\/","name":"Integrationsamt - Kanzlei Kruse","isPartOf":{"@id":"https:\/\/kanzleikruse.com\/#website"},"datePublished":"2020-11-10T16:18:34+00:00","dateModified":"2020-11-30T15:52:27+00:00","breadcrumb":{"@id":"https:\/\/kanzleikruse.com\/enzyklopaedie\/integrationsamt\/#breadcrumb"},"inLanguage":"en-US","potentialAction":[{"@type":"ReadAction","target":["https:\/\/kanzleikruse.com\/enzyklopaedie\/integrationsamt\/"]}]},{"@type":"BreadcrumbList","@id":"https:\/\/kanzleikruse.com\/enzyklopaedie\/integrationsamt\/#breadcrumb","itemListElement":[{"@type":"ListItem","position":1,"name":"Startseite","item":"https:\/\/kanzleikruse.com\/"},{"@type":"ListItem","position":2,"name":"Glossar","item":"https:\/\/kanzleikruse.com\/enzyklopaedie\/"},{"@type":"ListItem","position":3,"name":"Integrationsamt"}]},{"@type":"WebSite","@id":"https:\/\/kanzleikruse.com\/#website","url":"https:\/\/kanzleikruse.com\/","name":"Kanzlei Kruse","description":"Wir helfen Ihnen persönlich, Ihr Recht durchzusetzen.","potentialAction":[{"@type":"SearchAction","target":{"@type":"EntryPoint","urlTemplate":"https:\/\/kanzleikruse.com\/?s={search_term_string}"},"query-input":{"@type":"PropertyValueSpecification","valueRequired":true,"valueName":"search_term_string"}}],"inLanguage":"en-US"}]}</script>
<!-- / Yoast SEO plugin. -->

Sollten bei Ihnen ein Grad der Behinderung von mindestens 50 festgestellt werden, gelten Sie als Schwerbehindert. Ihr Arbeitgeber muss dann erst die Zustimmung des Integrationsamtes einholen, bevor er Ihnen kündigen kann. Tut er dies nicht, ist die Kündigung unwirksam. Auch hier müssen Sie wieder die Klagefrist von drei Wochen einhalten. Diese Frist beginnt aber erst mit der...
